hat is the units digit of w?
2
Let s be ((9 - -4) + -1)*(-48)/(-9). Suppose 0 = -s*d + 66*d - 232. What is the tens digit of d?
1
Let c = 13 + -12. Let b be 1 + -2 + 3 + c. Suppose 3*v + 20 = a, v + b*v + 12 = 0. What is the units digit of a?
1
Suppose -6*j + 13728 = 10*j. What is the hundreds digit of j?
8
Let y = -22 + 49. Suppose -3*u = -2*u - y. What is the tens digit of u + (-5 - (-3 - -1))?
2
Let m be (-6)/(-27) + (-1)/9*-2545. Suppose 2*y - 242 = 2*w, -5*y + 915 = 4*w + m. What is the tens digit of y?
2
Let k(t) = t**2 - 2 + 0 - 2 + 7*t - 5. Let c be k(-7). What is the units digit of -7*(1 + c/3)?
4
Let z(m) be the third derivative of -1/3*m**3 + 0*m - 3*m**2 + 1/10*m**5 + 1/12*m**4 + 0. What is the units digit of z(1)?
6
Suppose -s = -5*l + 3*s + 1642, 328 = l - s. What is the tens digit of l?
3
Let l(t) = -21*t**3 - t**2 - 3*t - 1. Let q be 2*10/4*(-6)/30. What is the units digit of l(q)?
2
Suppose 3 = 2*f - 5*h + 24, 3*h = 2*f + 19. Let g(y) = -y**2 - 9*y + 10. What is the tens digit of g(f)?
1
Let d(s) = s**2 + 9*s + 10. Let x be d(-7). Let p = 13 - x. What is the units digit of 3/(-1)*(-51)/p?
9
Let b(f) = -f**2 - f. Let z(w) = 7*w**2 + 8*w + 3. Let o(x) = 6*b(x) + z(x). Let g be o(-3). Suppose -g*r = -r - 85. What is the tens digit of r?
1
Let c be (-2)/(-7) + 5*78/105. Suppose 0 = 3*w + c*r - 344, w - 5*r + 2*r = 93. What is the tens digit of w?
0
Let i(w) = -7*w - 1 + 2*w + 5*w - 197*w**3. What is the hundreds digit of i(-1)?
1
Let f = 13 + -2. Let q = -608 - -645. Let l = q + f. What is the units digit of l?
8
Let d = -36 - -46. Let c = 40 + d. What is the units digit of c?
0
Let o = 256 - 166. Suppose -8*b = o - 1114. What is the hundreds digit of b?
1
Suppose 5*x = 3*a - 1312, 5*a - 1832 - 360 = 3*x. What is the units digit of a?
9
Let v(g) = g. Let s be v(4). Let q(n) = -n**2 - 13*n - 41. Let h be q(-7). What is the units digit of h - 8/s - -9?
8
What is the units digit of (1 - 2)/(2/(-996))?
8
Let b = 883 - -4. What is the units digit of b?
7
Let l(v) = 103*v + 111. What is the units digit of l(11)?
4
Suppose q = -34*q + 90195. What is the hundreds digit of q?
5
Suppose 3*r + 4272 = -138. What is the hundreds digit of (-3 - (-11)/3) + r/(-9)?
1
Let a = 6 + -10. Let m(c) = c - 1 + 17*c**2 + 8*c**2 - 23*c**2. What is the tens digit of m(a)?
2
Let s = 1730 + -974. What is the hundreds digit of s?
7
Let g(k) be the second derivative of -k**5/20 - k**4/4 + 2*k**3/3 - k**2 - k. Let t be g(-4). What is the tens digit of ((0 - -71) + t)*1?
6
What is the tens digit of -2 - (1/2)/(2/(-488))?
2
Suppose -a = 133 - 352. What is the hundreds digit of a?
2
Let v be -2*1*(6 + -7). Let g(m) = -m + 6*m + 16*m - 9 - v*m. What is the units digit of g(4)?
7
Let y(u) = -u**2 + 3*u + 7. Let g be y(5). Let l(j) = -9*j - 6. Let r be l(g). Let a = 40 - r. What is the tens digit of a?
1
Let d(v) = v**3 + 6*v**2 - 3*v + 8. Let x be 1716/(-260) - (0 + 6/(-10)). What is the tens digit of d(x)?
2
Let k be 1/4 + (-1)/4. Suppose 3*p + 17 + 7 = k. What is the units digit of (-354)/p - 7/28?
4
Suppose 2*r + 34 = 5*p, -2*p - 35 = 4*r - 3*r. Let h be 48/r - (-8)/(-36). Let l(q) = 5*q**2 + 2*q. What is the units digit of l(h)?
6
Suppose 15*y - 25578 = -27*y. What is the units digit of y?
9
Let k(a) = -a**2 - 8*a - 3. Let w be k(-7). Suppose 0 = -s - 3*s + w. Suppose r - s = -t, -3*t - 2 = r - t. What is the units digit of r?
4
Suppose -8 = s - 5*s. Let x be (0 - 0)*1/(-1). Suppose s*n - 50 - 20 = x. What is the tens digit of n?
3
Suppose -4 = 2*h - 4. Suppose h = 123*v - 121*v - 72. What is the units digit of v?
6
Suppose -2878 = -11*p + 4833. What is the tens digit of p?
0
Let i(a) = 5*a - 3 - 6 - 6*a - a. Let b be i(-7). Suppose 81 = -2*s + b*s. What is the tens digit of s?
2
Let y = 40 + 0. Let l = y + -30. What is the units digit of l?
0
Suppose -6*f + 0*f = -30. Suppose 9*a - 116 = f*a. What is the units digit of a?
9
Let p = 27 + -3. Let l(j) = j**2 - 4*j - 12. Let y be l(9). Let t = y - p. What is the units digit of t?
9
Suppose 7 = -2*w + w - 3*x, 2*w + 2 = -2*x. Let l = w + -4. What is the tens digit of (-2 - -20) + 6/l?
1
Suppose 6624 = 14*g + 1052. What is the units digit of g?
8
Let z = -8 + 23. Let s(h) = h**3 - 14*h**2 - 13*h + 3. What is the tens digit of s(z)?
3
Let h = 13 + -11. Suppose -h*a + 6 - 2 = 0. Suppose d - a = 9. What is the units digit of d?
1
Let f = -6 - -12. Suppose -4*h + 4*d = -3*h - 2, 3*h + 4*d = f. Suppose 5*b = -0*l + 3*l - 26, 0 = -h*l + b + 15. What is the units digit of l?
7
Let x be -14*3/12*-2. What is the tens digit of (-508)/(-7) - (-3)/x?
7
Suppose -6*q + 4 = -5*q. Suppose -2*x - 4*g + 174 = 0, -3*x + 2*g = q*g - 245. What is the tens digit of x?
7
Let w(a) = -347*a + 2. What is the hundreds digit of w(-1)?
3
Suppose -5*y - w + 446 = -0*y, 4*y - 353 = 3*w. Suppose 5*g = 3*k + 33, 6*k = k - 3*g - y. Let m = k - -23. What is the units digit of m?
7
Suppose -4*t + 58 = 3*v, t + 3*t = v - 14. Suppose -5*q - 94 = -3*h, -h - 2*q + v = -6. Suppose -4*p + 0*p = -h. What is the units digit of p?
7
Suppose 16*s + 4*s = 9160. What is the units digit of s?
8
Let v = 1346 + -428. What is the tens digit of v?
1
Suppose 5*t - 4*t = 356. What is the hundreds digit of t?
3
Let v(z) be the third derivative of 5*z**6/24 + z**5/15 - z**4/24 - 4*z**3/3 + 45*z**2. What is the tens digit of v(2)?
0
Let x(w) be the first derivative of -w**4/4 - 2*w**3 - 3*w**2/2 + 2*w - 3. Let u be x(-6). Let d = 27 - u. What is the units digit of d?
7
What is the tens digit of (23 + -10)/(5/350)?
1
Suppose -3371 = -3*s - 4*t, -6*s + t + 1119 = -5*s. What is the thousands digit of s?
1
Let t(d) = 8*d**3 + 4*d**2 - 3*d + 1. Let a be t(2). Suppose 0*j - j + a = 0. What is the units digit of j?
5
Suppose -4*c + 35 = 19. What is the tens digit of (0/c)/3 + 1*32?
3
Suppose -p = -a - 692, -5*p + a = -3*p - 1389. What is the hundreds digit of p?
6
Let c be (-12)/9*(-3 - 0). Suppose -4*k + 3*z = -2*k - 70, -c*k + 176 = 3*z. What is the units digit of k?
1
Let s = 13 - 16. What is the units digit of ((-441)/(-14))/(s/(-4))?
2
Let n(g) = -16*g - 16. Let p(l) = l. Let f(q) = n(q) + 3*p(q). What is the tens digit of f(-4)?
3
Let f = 1155 - 810. Suppose -2*y + 209 = l + 26, 4*y - f = 5*l. What is the units digit of y?
0
Let m(u) = u**2 + u + 39. Let y be m(0). Suppose -5*b = -96 - y. Suppose b = 4*p - 57. What is the tens digit of p?
2
Let a(o) be the first derivative of -o**2/2 + 18*o - 18. What is the tens digit of a(7)?
1
Let f = 2152 + -1653. What is the hundreds digit of f?
4
Let j = -296 - -360. What is the units digit of j?
4
Suppose 2*c + 6 = 0, -4*a - 3*c + 437 = -282. What is the hundreds digit of a?
1
Let g(u) = 8*u - 9. Let p be g(6). Let o = p + 18. What is the units digit of o?
7
Let l = -80 + 80. Suppose 3*a = -2*g + 484, -489 = -l*a - 3*a + 3*g. What is the units digit of a?
2
Suppose 13*y - 9*y = -72. Let s(m) = -m**3 - 19*m**2 - 20*m - 5. Let v be s(y). What is the units digit of v - (4 + -2 - 2)?
1
Let y be (-2 - (-5 - -4))*-239. Suppose -6*a - 23 + y = 0. What is the tens digit of a?
3
Let u = 3 + 0. Suppose -2*t - u*t + 3*y + 587 = 0, y = -4. Suppose -5*n = -0*n - t. What is the tens digit of n?
2
Suppose 0 = z + s - 27, -z + 3*s + 15 = -20. Let q = 108 - z. What is the units digit of q?
9
Let p = -403 + 75. Let k = -163 - p. What is the tens digit of k?
6
What is the thousands digit of 4/(-6) + 540474/171?
3
Let g(j) = j**2 - j - 1. Let q(o) = 7*o**2 + 12*o - 35. Let k(l) = 6*g(l) - q(l). What is the tens digit of k(-13)?
9
Let r be 6/4*(-232)/(-12) + 3. Let v = r + 55. What is the tens digit of v?
8
Suppose 4*k - 342 = 2*k. Suppose -k = 3*b + 72. Let j = b - -115. What is the tens digit of j?
3
Let q(r) = -10*r - 4*r + 7 - 17 - 3*r. What is the hundreds digit of q(-7)?
1
Suppose 0 = 5*y - z - 7376, 2*y = -z + 3767 - 811. What is the units digit of y?
6
Let l(v) = -19*v - 1. Let x be l(-4). Let f = x - 20. What is the tens digit of f?
5
Let h(x) = -33*x - 453. What is the hundreds digit of h(-28)?
4
Suppose 2*z - 5*w - 6 = 3*z, -2*z = -2*w. Let o(v) = -80*v + 1. What is the tens digit of o(z)?
8
Let a = -39 + 15. What is the tens digit of ((-16)/a)/(6/567)?
6
Let a be ((-1)/3)/(1/(-45)). Let j be 78/15 - 3/a. Suppose -5*r + j = -2*i, 0 = 3*r +